{"id":4079,"date":"2024-10-28T13:55:11","date_gmt":"2024-10-28T12:55:11","guid":{"rendered":"https:\/\/www.alsacienne-cyclo.org\/?page_id=4079"},"modified":"2025-10-17T12:15:35","modified_gmt":"2025-10-17T10:15:35","slug":"mentions-legales","status":"publish","type":"page","link":"https:\/\/www.alsacienne-cyclo.org\/fr\/mentions-legales\/","title":{"rendered":"Mentions l\u00e9gales"},"content":{"rendered":"\t\t<div data-elementor-type=\"wp-page\" data-elementor-id=\"4079\" class=\"elementor elementor-4079\" data-elementor-post-type=\"page\">\n\t\t\t\t<div class=\"elementor-element elementor-element-e7e7c5e e-con-full decallage_top w_100 e-flex e-con e-parent\" data-id=\"e7e7c5e\" data-element_type=\"container\" data-e-type=\"container\" data-settings=\"{&quot;background_background&quot;:&quot;classic&quot;,&quot;jet_parallax_layout_list&quot;:[]}\">\n\t\t\t\t<div class=\"elementor-element elementor-element-20ea93d elementor-widget elementor-widget-breadcrumbs\" data-id=\"20ea93d\" data-element_type=\"widget\" data-e-type=\"widget\" data-widget_type=\"breadcrumbs.default\">\n\t\t\t\t\t<p id=\"breadcrumbs\"><span><span><a href=\"https:\/\/www.alsacienne-cyclo.org\/fr\/\">Accueil<\/a><\/span><\/span><\/p>\t\t\t\t<\/div>\n\t\t\t\t<\/div>\n\t\t<div class=\"elementor-element elementor-element-478d35b e-flex e-con-boxed e-con e-parent\" data-id=\"478d35b\" data-element_type=\"container\" data-e-type=\"container\" data-settings=\"{&quot;background_background&quot;:&quot;classic&quot;,&quot;jet_parallax_layout_list&quot;:[]}\">\n\t\t\t\t\t<div class=\"e-con-inner\">\n\t\t\t\t<div class=\"elementor-element elementor-element-76307f3 elementor-widget elementor-widget-text-editor\" data-id=\"76307f3\" data-element_type=\"widget\" data-e-type=\"widget\" data-widget_type=\"text-editor.default\">\n\t\t\t\t\t\t\t\t\t<div class=\"wpb_text_column wpb_content_element\"><div class=\"wpb_wrapper\"><h4 class=\"h2-refonte\" style=\"text-align: left;\">CREDITS PHOTOGRAPHIQUES, ILLUSTRATIONS ET DOCUMENTS GRAPHIQUES DIVERS<\/h4><p style=\"text-align: left;\">L\u2019ensemble de ce site rel\u00e8ve de la l\u00e9gislation fran\u00e7aise et internationale sur le droit d\u2019auteur et la propri\u00e9t\u00e9 intellectuelle. La reproduction des photos et illustrations de ce site sont interdites sauf accord pr\u00e9alable des auteurs. La reproduction des textes de ce site sur un support papier est autoris\u00e9e pour des fins personnelles, associatives ou professionnelles et \u00e0 condition de mentionner la source (exemple \u00ab ce document provient du site Internet de L\u2019Alsacienne cyclo : https:\/\/www.alsacienne-cyclo.org. L\u2019adresse internet du site Internet de L\u2019Alsacienne Cyclo doit imp\u00e9rativement figurer dans la r\u00e9f\u00e9rence.)<br \/>Toutes diffusions ou utilisations \u00e0 des fins commerciales ou publicitaires des informations sont strictement interdites.<br \/>Pour d\u2019autres utilisations, veuillez nous consulter :\u00a0<a href=\"mailto:orga@alsacienne-cyclo.org\">orga@alsacienne-cyclo.org<\/a><\/p><h4 class=\"h2-refonte\" style=\"text-align: left;\">CREDIT PHOTOS<\/h4><p style=\"text-align: left;\">L\u2019Alsacienne Organisation<\/p><h4 class=\"h2-refonte\" style=\"text-align: left;\">DIRECTEUR DE LA PUBLICATION<\/h4><p style=\"text-align: left;\">L\u2019Alsacienne Organisation<\/p><h4 class=\"h2-refonte\" style=\"text-align: left;\">REDACTION CONCEPTION<\/h4><p style=\"text-align: left;\">L\u2019Alsacienne Organisation<\/p><h4 class=\"h2-refonte\" style=\"text-align: left;\">LIENS HYPERTEXTES<\/h4><p style=\"text-align: left;\">La mise en place d\u2019un lien hypertexte vers le site https:\/\/www.alsacienne-cyclo.org n\u00e9cessite une autorisation pr\u00e9alable de l\u2019organisateur. Si vous souhaitez mettre en place un lien hypertexte vers notre site, vous devez prendre contact par\u00a0<a href=\"mailto:orga@alsacienne-cyclo.org\">orga@alsacienne-cyclo.org<\/a><br \/>L\u2019Alsacienne Organisation ne peut en aucun cas \u00eatre tenu pour responsable des sites ayant un lien hypertexte avec le pr\u00e9sent site et d\u00e9cline toute responsabilit\u00e9 quant \u00e0 leur contenu et \u00e0 leur utilisation.<\/p><h4 class=\"h2-refonte\" style=\"text-align: left;\">TRAITEMENT DES DONN\u00c9ES<\/h4><p style=\"text-align: left;\">Conform\u00e9ment aux obligations du R\u00e8glement G\u00e9n\u00e9ral sur la Protection des Donn\u00e9es, nous vous informons que nous conservons les donn\u00e9es renseign\u00e9es dans le formulaire d\u2019inscription le temps n\u00e9cessaire \u00e0 la bonne organisation de la course, ainsi que pour la communication des courses \u00e0 venir.<br \/>Ces donn\u00e9es ne sont communiqu\u00e9es qu\u2019\u00e0 des fins techniques aux sous-traitants de notre association (chronom\u00e9trage, impression dossards, envoi des Newsletters\u2026). Aucun traitement commercial ne sera fait en dehors de la communication li\u00e9e aux \u00e9v\u00e9nements organis\u00e9s par notre association.<\/p><h4 class=\"h2-refonte\" style=\"text-align: left;\">LIMITATION DE RESPONSABILIT\u00c9<\/h4><p style=\"text-align: left;\">L\u2019utilisateur utilise le site \u00e0 ses seuls risques. En aucun cas, L\u2019Alsacienne Cyclosportive ne pourra \u00eatre tenue responsable des dommages directs ou indirects, et notamment pr\u00e9judice mat\u00e9riel, perte de donn\u00e9es ou de programme, pr\u00e9judice financier, r\u00e9sultant de l\u2019acc\u00e8s ou de l\u2019utilisation de ce site ou de tous sites qui lui sont li\u00e9s. Le contenu du site est pr\u00e9sent\u00e9 sans aucune garantie de quelque nature que ce soit.<br \/>Les informations sur les produits et leurs caract\u00e9ristiques correspondent \u00e0 une d\u00e9finition au moment de la mise en ligne ou des mises \u00e0 jour des diff\u00e9rentes pages du site; elles ne sont donn\u00e9es qu\u2019\u00e0 titre indicatif et ne sauraient \u00eatre consid\u00e9r\u00e9es comme constituant une offre contractuelle de produits ou services \u00e9manant de L\u2019Alsacienne Cyclo. Des erreurs ou omissions peuvent survenir.<\/p><h4 class=\"h2-refonte\" style=\"text-align: left;\">INFORMATIONS NOMINATIVES SUR LE SITE<\/h4><p style=\"text-align: left;\">Les personnes concern\u00e9es ont \u00e9t\u00e9 inform\u00e9es de leurs droits.<br \/>Le droit de rectification s\u2019exerce aupr\u00e8s de L\u2019Alsacienne Organisation<br \/>5 rue du monast\u00e8re<br \/>68700 STEINBACH<\/p><p style=\"text-align: left;\">DROIT APPLICABLE<\/p><p style=\"text-align: left;\">Les pr\u00e9sentes Conditions G\u00e9n\u00e9rales sont soumises au droit interne fran\u00e7ais. La langue des Conditions G\u00e9n\u00e9rales est la langue fran\u00e7aise. En cas de litige, les tribunaux fran\u00e7ais seront seuls comp\u00e9tents.<\/p><h4 class=\"h2-refonte\" style=\"text-align: left;\">HEBERGEMENT<\/h4><p style=\"text-align: left;\">H\u00e9berg\u00e9 par la soci\u00e9t\u00e9 Wedeaz sur serveur d\u00e9di\u00e9 implant\u00e9 chez la soci\u00e9t\u00e9 Infomaniak<\/p><h4 class=\"h2-refonte\" style=\"text-align: left;\">CONCEPTION &amp; REALISATION<\/h4><p style=\"text-align: left;\">Wedeaz \u2013\u00a0<a href=\"https:\/\/www.wedeaz.fr\/\" target=\"_blank\" rel=\"noopener noreferrer\">www.wedeaz.fr<\/a><\/p><\/div><\/div><div class=\"vc_empty_space\" style=\"text-align: left;\">\u00a0<\/div><div class=\"wpb_text_column wpb_content_element\"><div class=\"wpb_wrapper\"><p class=\"qodef-st-title\" style=\"text-align: left;\"><a href=\"\/politique-de-confidentialite\">En savoir plus sur la Protection des donn\u00e9es personnelles (RGPD)<\/a><\/p><\/div><\/div>\t\t\t\t\t\t\t\t<\/div>\n\t\t\t\t<div class=\"elementor-element elementor-element-06ce9be elementor-widget elementor-widget-shortcode\" data-id=\"06ce9be\" data-element_type=\"widget\" data-e-type=\"widget\" data-widget_type=\"shortcode.default\">\n\t\t\t\t\t\t\t<div class=\"elementor-shortcode\"><p id=\"matomo_opted_out_intro\" style=\"display:none;\">Opt-out complete; your visits to this website will not be recorded by the Web Analytics tool. Note that if you clear your cookies, delete the opt-out cookie, or if you change computers or Web browsers, you will need to perform the opt-out procedure again.<\/p><p id=\"matomo_opted_in_intro\" >You may choose to prevent this website from aggregating and analyzing the actions you take here. Doing so will protect your privacy, but will also prevent the owner from learning from your actions and creating a better experience for you and other users.<\/p><form>\n        <input type=\"checkbox\" id=\"matomo_optout_checkbox\" checked=\"checked\"\/>\n        <label for=\"matomo_optout_checkbox\"><strong>\n        <span id=\"matomo_opted_in_label\" >You are not opted out. Uncheck this box to opt-out.<\/span>\n\t\t<span id=\"matomo_opted_out_label\" style=\"display:none;\">You are currently opted out. Check this box to opt-in.<\/span>\n        <\/strong><\/label><\/form><noscript><p><strong style=\"color: #ff0000;\">This opt out feature requires JavaScript.<\/strong><\/p><\/noscript><p id=\"matomo_outout_err_cookies\" style=\"display: none;\"><strong>The tracking opt-out feature requires cookies to be enabled.<\/strong><\/p><\/div>\n\t\t\t\t\t\t<\/div>\n\t\t\t\t\t<\/div>\n\t\t\t\t<\/div>\n\t\t\t\t<\/div>\n\t\t","protected":false},"excerpt":{"rendered":"<p>CREDITS PHOTOGRAPHIQUES, ILLUSTRATIONS ET DOCUMENTS GRAPHIQUES DIVERS L\u2019ensemble de ce site rel\u00e8ve de la l\u00e9gislation fran\u00e7aise et internationale sur le droit d\u2019auteur et la propri\u00e9t\u00e9 intellectuelle. La reproduction des photos et illustrations de ce site sont interdites sauf accord pr\u00e9alable des auteurs. La reproduction des textes de ce site sur un support papier est autoris\u00e9e [&hellip;]<\/p>\n","protected":false},"author":3,"featured_media":0,"parent":0,"menu_order":0,"comment_status":"closed","ping_status":"closed","template":"","meta":{"footnotes":""},"class_list":["post-4079","page","type-page","status-publish","hentry"],"yoast_head":"<!-- This site is optimized with the Yoast SEO plugin v27.5 - https:\/\/yoast.com\/product\/yoast-seo-wordpress\/ -->\n<title>Mentions L\u00e9gales de L&#039;Alsacienne Cyclo<\/title>\n<meta name=\"description\" content=\"Toutes les informations concernant l&#039;h\u00e9bergement et les informations sur notre site web se trouvent dans nos mentions l\u00e9gales\" \/>\n<meta name=\"robots\" content=\"index, follow, max-snippet:-1, max-image-preview:large, max-video-preview:-1\" \/>\n<link rel=\"canonical\" href=\"https:\/\/www.alsacienne-cyclo.org\/fr\/mentions-legales\/\" \/>\n<meta property=\"og:locale\" content=\"fr_FR\" \/>\n<meta property=\"og:type\" content=\"article\" \/>\n<meta property=\"og:title\" content=\"Mentions L\u00e9gales de L&#039;Alsacienne Cyclo\" \/>\n<meta property=\"og:description\" content=\"Toutes les informations concernant l&#039;h\u00e9bergement et les informations sur notre site web se trouvent dans nos mentions l\u00e9gales\" \/>\n<meta property=\"og:url\" content=\"https:\/\/www.alsacienne-cyclo.org\/fr\/mentions-legales\/\" \/>\n<meta property=\"og:site_name\" content=\"L&#039;Alsacienne Cyclo\" \/>\n<meta property=\"article:modified_time\" content=\"2025-10-17T10:15:35+00:00\" \/>\n<meta name=\"twitter:card\" content=\"summary_large_image\" \/>\n<meta name=\"twitter:label1\" content=\"Dur\u00e9e de lecture estim\u00e9e\" \/>\n\t<meta name=\"twitter:data1\" content=\"3 minutes\" \/>\n<!-- \/ Yoast SEO plugin. -->","yoast_head_json":{"title":"Mentions L\u00e9gales de L'Alsacienne Cyclo","description":"Toutes les informations concernant l'h\u00e9bergement et les informations sur notre site web se trouvent dans nos mentions l\u00e9gales","robots":{"index":"index","follow":"follow","max-snippet":"max-snippet:-1","max-image-preview":"max-image-preview:large","max-video-preview":"max-video-preview:-1"},"canonical":"https:\/\/www.alsacienne-cyclo.org\/fr\/mentions-legales\/","og_locale":"fr_FR","og_type":"article","og_title":"Mentions L\u00e9gales de L'Alsacienne Cyclo","og_description":"Toutes les informations concernant l'h\u00e9bergement et les informations sur notre site web se trouvent dans nos mentions l\u00e9gales","og_url":"https:\/\/www.alsacienne-cyclo.org\/fr\/mentions-legales\/","og_site_name":"L&#039;Alsacienne Cyclo","article_modified_time":"2025-10-17T10:15:35+00:00","twitter_card":"summary_large_image","twitter_misc":{"Dur\u00e9e de lecture estim\u00e9e":"3 minutes"},"schema":{"@context":"https:\/\/schema.org","@graph":[{"@type":"WebPage","@id":"https:\/\/www.alsacienne-cyclo.org\/mentions-legales\/","url":"https:\/\/www.alsacienne-cyclo.org\/mentions-legales\/","name":"Mentions L\u00e9gales de L'Alsacienne Cyclo","isPartOf":{"@id":"https:\/\/www.alsacienne-cyclo.org\/#website"},"datePublished":"2024-10-28T12:55:11+00:00","dateModified":"2025-10-17T10:15:35+00:00","description":"Toutes les informations concernant l'h\u00e9bergement et les informations sur notre site web se trouvent dans nos mentions l\u00e9gales","breadcrumb":{"@id":"https:\/\/www.alsacienne-cyclo.org\/mentions-legales\/#breadcrumb"},"inLanguage":"fr-FR","potentialAction":[{"@type":"ReadAction","target":["https:\/\/www.alsacienne-cyclo.org\/mentions-legales\/"]}]},{"@type":"BreadcrumbList","@id":"https:\/\/www.alsacienne-cyclo.org\/mentions-legales\/#breadcrumb","itemListElement":[{"@type":"ListItem","position":1,"name":"Accueil","item":"https:\/\/www.alsacienne-cyclo.org\/fr\/"},{"@type":"ListItem","position":2,"name":"Mentions l\u00e9gales"}]},{"@type":"WebSite","@id":"https:\/\/www.alsacienne-cyclo.org\/#website","url":"https:\/\/www.alsacienne-cyclo.org\/","name":"L&#039;Alsacienne Cyclo","description":"Des parcours d\u2019exception pour toutes les ambitions","potentialAction":[{"@type":"SearchAction","target":{"@type":"EntryPoint","urlTemplate":"https:\/\/www.alsacienne-cyclo.org\/?s={search_term_string}"},"query-input":{"@type":"PropertyValueSpecification","valueRequired":true,"valueName":"search_term_string"}}],"inLanguage":"fr-FR"}]}},"_links":{"self":[{"href":"https:\/\/www.alsacienne-cyclo.org\/fr\/wp-json\/wp\/v2\/pages\/4079","targetHints":{"allow":["GET"]}}],"collection":[{"href":"https:\/\/www.alsacienne-cyclo.org\/fr\/wp-json\/wp\/v2\/pages"}],"about":[{"href":"https:\/\/www.alsacienne-cyclo.org\/fr\/wp-json\/wp\/v2\/types\/page"}],"author":[{"embeddable":true,"href":"https:\/\/www.alsacienne-cyclo.org\/fr\/wp-json\/wp\/v2\/users\/3"}],"replies":[{"embeddable":true,"href":"https:\/\/www.alsacienne-cyclo.org\/fr\/wp-json\/wp\/v2\/comments?post=4079"}],"version-history":[{"count":10,"href":"https:\/\/www.alsacienne-cyclo.org\/fr\/wp-json\/wp\/v2\/pages\/4079\/revisions"}],"predecessor-version":[{"id":7815,"href":"https:\/\/www.alsacienne-cyclo.org\/fr\/wp-json\/wp\/v2\/pages\/4079\/revisions\/7815"}],"wp:attachment":[{"href":"https:\/\/www.alsacienne-cyclo.org\/fr\/wp-json\/wp\/v2\/media?parent=4079"}],"curies":[{"name":"wp","href":"https:\/\/api.w.org\/{rel}","templated":true}]}}

Mentions légales

<div data-elementor-type="wp-page" data-elementor-id="4079" class="elementor elementor-4079" data-elementor-post-type="page">
				<div class="elementor-element elementor-element-e7e7c5e e-con-full decallage_top w_100 e-flex e-con e-parent" data-id="e7e7c5e" data-element_type="container" data-e-type="container" data-settings="{&quot;background_background&quot;:&quot;classic&quot;,&quot;jet_parallax_layout_list&quot;:[]}">
				<div class="elementor-element elementor-element-20ea93d elementor-widget elementor-widget-breadcrumbs" data-id="20ea93d" data-element_type="widget" data-e-type="widget" data-widget_type="breadcrumbs.default">
					<p id="breadcrumbs"><span><span><a href="https://www.alsacienne-cyclo.org/fr/">Accueil</a></span></span></p>				</div>
				</div>
		<div class="elementor-element elementor-element-478d35b e-flex e-con-boxed e-con e-parent" data-id="478d35b" data-element_type="container" data-e-type="container" data-settings="{&quot;background_background&quot;:&quot;classic&quot;,&quot;jet_parallax_layout_list&quot;:[]}">
					<div class="e-con-inner">
				<div class="elementor-element elementor-element-76307f3 elementor-widget elementor-widget-text-editor" data-id="76307f3" data-element_type="widget" data-e-type="widget" data-widget_type="text-editor.default">
									<div class="wpb_text_column wpb_content_element"><div class="wpb_wrapper"><h4 class="h2-refonte" style="text-align: left;">CREDITS PHOTOGRAPHIQUES, ILLUSTRATIONS ET DOCUMENTS GRAPHIQUES DIVERS</h4><p style="text-align: left;">L’ensemble de ce site relève de la législation française et internationale sur le droit d’auteur et la propriété intellectuelle. La reproduction des photos et illustrations de ce site sont interdites sauf accord préalable des auteurs. La reproduction des textes de ce site sur un support papier est autorisée pour des fins personnelles, associatives ou professionnelles et à condition de mentionner la source (exemple « ce document provient du site Internet de L’Alsacienne cyclo : https://www.alsacienne-cyclo.org. L’adresse internet du site Internet de L’Alsacienne Cyclo doit impérativement figurer dans la référence.)<br />Toutes diffusions ou utilisations à des fins commerciales ou publicitaires des informations sont strictement interdites.<br />Pour d’autres utilisations, veuillez nous consulter : <a href="mailto:orga@alsacienne-cyclo.org">orga@alsacienne-cyclo.org</a></p><h4 class="h2-refonte" style="text-align: left;">CREDIT PHOTOS</h4><p style="text-align: left;">L’Alsacienne Organisation</p><h4 class="h2-refonte" style="text-align: left;">DIRECTEUR DE LA PUBLICATION</h4><p style="text-align: left;">L’Alsacienne Organisation</p><h4 class="h2-refonte" style="text-align: left;">REDACTION CONCEPTION</h4><p style="text-align: left;">L’Alsacienne Organisation</p><h4 class="h2-refonte" style="text-align: left;">LIENS HYPERTEXTES</h4><p style="text-align: left;">La mise en place d’un lien hypertexte vers le site https://www.alsacienne-cyclo.org nécessite une autorisation préalable de l’organisateur. Si vous souhaitez mettre en place un lien hypertexte vers notre site, vous devez prendre contact par <a href="mailto:orga@alsacienne-cyclo.org">orga@alsacienne-cyclo.org</a><br />L’Alsacienne Organisation ne peut en aucun cas être tenu pour responsable des sites ayant un lien hypertexte avec le présent site et décline toute responsabilité quant à leur contenu et à leur utilisation.</p><h4 class="h2-refonte" style="text-align: left;">TRAITEMENT DES DONNÉES</h4><p style="text-align: left;">Conformément aux obligations du Règlement Général sur la Protection des Données, nous vous informons que nous conservons les données renseignées dans le formulaire d’inscription le temps nécessaire à la bonne organisation de la course, ainsi que pour la communication des courses à venir.<br />Ces données ne sont communiquées qu’à des fins techniques aux sous-traitants de notre association (chronométrage, impression dossards, envoi des Newsletters…). Aucun traitement commercial ne sera fait en dehors de la communication liée aux événements organisés par notre association.</p><h4 class="h2-refonte" style="text-align: left;">LIMITATION DE RESPONSABILITÉ</h4><p style="text-align: left;">L’utilisateur utilise le site à ses seuls risques. En aucun cas, L’Alsacienne Cyclosportive ne pourra être tenue responsable des dommages directs ou indirects, et notamment préjudice matériel, perte de données ou de programme, préjudice financier, résultant de l’accès ou de l’utilisation de ce site ou de tous sites qui lui sont liés. Le contenu du site est présenté sans aucune garantie de quelque nature que ce soit.<br />Les informations sur les produits et leurs caractéristiques correspondent à une définition au moment de la mise en ligne ou des mises à jour des différentes pages du site; elles ne sont données qu’à titre indicatif et ne sauraient être considérées comme constituant une offre contractuelle de produits ou services émanant de L’Alsacienne Cyclo. Des erreurs ou omissions peuvent survenir.</p><h4 class="h2-refonte" style="text-align: left;">INFORMATIONS NOMINATIVES SUR LE SITE</h4><p style="text-align: left;">Les personnes concernées ont été informées de leurs droits.<br />Le droit de rectification s’exerce auprès de L’Alsacienne Organisation<br />5 rue du monastère<br />68700 STEINBACH</p><p style="text-align: left;">DROIT APPLICABLE</p><p style="text-align: left;">Les présentes Conditions Générales sont soumises au droit interne français. La langue des Conditions Générales est la langue française. En cas de litige, les tribunaux français seront seuls compétents.</p><h4 class="h2-refonte" style="text-align: left;">HEBERGEMENT</h4><p style="text-align: left;">Hébergé par la société Wedeaz sur serveur dédié implanté chez la société Infomaniak</p><h4 class="h2-refonte" style="text-align: left;">CONCEPTION &amp; REALISATION</h4><p style="text-align: left;">Wedeaz – <a href="https://www.wedeaz.fr/" target="_blank" rel="noopener noreferrer">www.wedeaz.fr</a></p></div></div><div class="vc_empty_space" style="text-align: left;"> </div><div class="wpb_text_column wpb_content_element"><div class="wpb_wrapper"><p class="qodef-st-title" style="text-align: left;"><a href="/politique-de-confidentialite">En savoir plus sur la Protection des données personnelles (RGPD)</a></p></div></div>								</div>
				<div class="elementor-element elementor-element-06ce9be elementor-widget elementor-widget-shortcode" data-id="06ce9be" data-element_type="widget" data-e-type="widget" data-widget_type="shortcode.default">
							<div class="elementor-shortcode"><p id="matomo_opted_out_intro" style="display:none;">Opt-out complete; your visits to this website will not be recorded by the Web Analytics tool. Note that if you clear your cookies, delete the opt-out cookie, or if you change computers or Web browsers, you will need to perform the opt-out procedure again.</p><p id="matomo_opted_in_intro" >You may choose to prevent this website from aggregating and analyzing the actions you take here. Doing so will protect your privacy, but will also prevent the owner from learning from your actions and creating a better experience for you and other users.</p><form>
        <input type="checkbox" id="matomo_optout_checkbox" checked="checked"/>
        <label for="matomo_optout_checkbox"><strong>
        <span id="matomo_opted_in_label" >You are not opted out. Uncheck this box to opt-out.</span>
		<span id="matomo_opted_out_label" style="display:none;">You are currently opted out. Check this box to opt-in.</span>
        </strong></label></form><noscript><p><strong style="color: #ff0000;">This opt out feature requires JavaScript.</strong></p></noscript><p id="matomo_outout_err_cookies" style="display: none;"><strong>The tracking opt-out feature requires cookies to be enabled.</strong></p></div>
						</div>
					</div>
				</div>
				</div>

<p>CREDITS PHOTOGRAPHIQUES, ILLUSTRATIONS ET DOCUMENTS GRAPHIQUES DIVERS L’ensemble de ce site relève de la législation française et internationale sur le droit d’auteur et la propriété intellectuelle. La reproduction des photos et illustrations de ce site sont interdites sauf accord préalable des auteurs. La reproduction des textes de ce site sur un support papier est autorisée [&hellip;]</p>

<!-- This site is optimized with the Yoast SEO plugin v27.5 - https://yoast.com/product/yoast-seo-wordpress/ -->
<title>Mentions Légales de L&#039;Alsacienne Cyclo</title>
<meta name="description" content="Toutes les informations concernant l&#039;hébergement et les informations sur notre site web se trouvent dans nos mentions légales" />
<meta name="robots" content="index, follow, max-snippet:-1, max-image-preview:large, max-video-preview:-1" />
<link rel="canonical" href="https://www.alsacienne-cyclo.org/fr/mentions-legales/" />
<meta property="og:locale" content="fr_FR" />
<meta property="og:type" content="article" />
<meta property="og:title" content="Mentions Légales de L&#039;Alsacienne Cyclo" />
<meta property="og:description" content="Toutes les informations concernant l&#039;hébergement et les informations sur notre site web se trouvent dans nos mentions légales" />
<meta property="og:url" content="https://www.alsacienne-cyclo.org/fr/mentions-legales/" />
<meta property="og:site_name" content="L&#039;Alsacienne Cyclo" />
<meta property="article:modified_time" content="2025-10-17T10:15:35+00:00" />
<meta name="twitter:card" content="summary_large_image" />
<meta name="twitter:label1" content="Durée de lecture estimée" />
	<meta name="twitter:data1" content="3 minutes" />
<!-- / Yoast SEO plugin. -->

Mentions Légales de L'Alsacienne Cyclo

Toutes les informations concernant l'hébergement et les informations sur notre site web se trouvent dans nos mentions légales
