{"id":7027,"date":"2025-10-06T10:27:13","date_gmt":"2025-10-06T08:27:13","guid":{"rendered":"https:\/\/www.alsacienne-cyclo.org\/?post_type=parcours&#038;p=7027"},"modified":"2025-10-19T08:31:19","modified_gmt":"2025-10-19T06:31:19","slug":"parcours-cyclosportive-195-km","status":"publish","type":"parcours","link":"https:\/\/www.alsacienne-cyclo.org\/en\/parcours-cyclosportive-randonnee-velo\/parcours-cyclosportive-195-km\/","title":{"rendered":"195 KM TIMED"},"excerpt":{"rendered":"<p>The figures speak for themselves: 195 km with a total climb of 4900 m. It\u2019s a huge sports challenge and you need to be well-prepared. This day in the mountains will take you over the crests from Bussang to the edge of Munster, and from the Alsatian villages of Wasserbourg and Sondernach to the Vosges mountain resort of La Bresse. <\/p>","protected":false},"featured_media":5163,"template":"","class_list":["post-7027","parcours","type-parcours","status-publish","has-post-thumbnail","hentry"],"yoast_head":"<!-- This site is optimized with the Yoast SEO plugin v27.5 - https:\/\/yoast.com\/product\/yoast-seo-wordpress\/ -->\n<title>Parcours Cyclosportive 195 km<\/title>\n<meta name=\"description\" content=\"La cyclosportive GF 195 km est id\u00e9ale pour les grimpeurs aimant le d\u00e9nivel\u00e9 (4200 m!). On vous d\u00e9taille tout le parcours de cette \u00e9preuve chronom\u00e9tr\u00e9e.\" \/>\n<meta name=\"robots\" content=\"index, follow, max-snippet:-1, max-image-preview:large, max-video-preview:-1\" \/>\n<link rel=\"canonical\" href=\"https:\/\/www.alsacienne-cyclo.org\/en\/course-cyclosportive-randonnee\/parcours-cyclosportive-195-km\/\" \/>\n<meta property=\"og:locale\" content=\"en_GB\" \/>\n<meta property=\"og:type\" content=\"article\" \/>\n<meta property=\"og:title\" content=\"Parcours Cyclosportive 195 km\" \/>\n<meta property=\"og:description\" content=\"La cyclosportive GF 195 km est id\u00e9ale pour les grimpeurs aimant le d\u00e9nivel\u00e9 (4200 m!). On vous d\u00e9taille tout le parcours de cette \u00e9preuve chronom\u00e9tr\u00e9e.\" \/>\n<meta property=\"og:url\" content=\"https:\/\/www.alsacienne-cyclo.org\/en\/course-cyclosportive-randonnee\/parcours-cyclosportive-195-km\/\" \/>\n<meta property=\"og:site_name\" content=\"L&#039;Alsacienne Cyclo\" \/>\n<meta property=\"article:modified_time\" content=\"2025-10-19T06:31:19+00:00\" \/>\n<meta property=\"og:image\" content=\"https:\/\/www.alsacienne-cyclo.org\/wp-content\/uploads\/2024\/10\/route-cretes-vosges-cyclosportive-alsacienne-scaled.jpg\" \/>\n\t<meta property=\"og:image:width\" content=\"2560\" \/>\n\t<meta property=\"og:image:height\" content=\"1706\" \/>\n\t<meta property=\"og:image:type\" content=\"image\/jpeg\" \/>\n<meta name=\"twitter:card\" content=\"summary_large_image\" \/>\n<meta name=\"twitter:label1\" content=\"Estimated reading time\" \/>\n\t<meta name=\"twitter:data1\" content=\"1 minute\" \/>\n<!-- \/ Yoast SEO plugin. -->","yoast_head_json":{"title":"Parcours Cyclosportive 195 km","description":"La cyclosportive GF 195 km est id\u00e9ale pour les grimpeurs aimant le d\u00e9nivel\u00e9 (4200 m!). On vous d\u00e9taille tout le parcours de cette \u00e9preuve chronom\u00e9tr\u00e9e.","robots":{"index":"index","follow":"follow","max-snippet":"max-snippet:-1","max-image-preview":"max-image-preview:large","max-video-preview":"max-video-preview:-1"},"canonical":"https:\/\/www.alsacienne-cyclo.org\/en\/course-cyclosportive-randonnee\/parcours-cyclosportive-195-km\/","og_locale":"en_GB","og_type":"article","og_title":"Parcours Cyclosportive 195 km","og_description":"La cyclosportive GF 195 km est id\u00e9ale pour les grimpeurs aimant le d\u00e9nivel\u00e9 (4200 m!). On vous d\u00e9taille tout le parcours de cette \u00e9preuve chronom\u00e9tr\u00e9e.","og_url":"https:\/\/www.alsacienne-cyclo.org\/en\/course-cyclosportive-randonnee\/parcours-cyclosportive-195-km\/","og_site_name":"L&#039;Alsacienne Cyclo","article_modified_time":"2025-10-19T06:31:19+00:00","og_image":[{"width":2560,"height":1706,"url":"https:\/\/www.alsacienne-cyclo.org\/wp-content\/uploads\/2024\/10\/route-cretes-vosges-cyclosportive-alsacienne-scaled.jpg","type":"image\/jpeg"}],"twitter_card":"summary_large_image","twitter_misc":{"Estimated reading time":"1 minute"},"schema":{"@context":"https:\/\/schema.org","@graph":[{"@type":"WebPage","@id":"https:\/\/www.alsacienne-cyclo.org\/parcours-cyclosportive-randonnee-velo\/parcours-cyclosportive-195-km\/","url":"https:\/\/www.alsacienne-cyclo.org\/parcours-cyclosportive-randonnee-velo\/parcours-cyclosportive-195-km\/","name":"Parcours Cyclosportive 195 km","isPartOf":{"@id":"https:\/\/www.alsacienne-cyclo.org\/#website"},"primaryImageOfPage":{"@id":"https:\/\/www.alsacienne-cyclo.org\/parcours-cyclosportive-randonnee-velo\/parcours-cyclosportive-195-km\/#primaryimage"},"image":{"@id":"https:\/\/www.alsacienne-cyclo.org\/parcours-cyclosportive-randonnee-velo\/parcours-cyclosportive-195-km\/#primaryimage"},"thumbnailUrl":"https:\/\/www.alsacienne-cyclo.org\/wp-content\/uploads\/2024\/10\/route-cretes-vosges-cyclosportive-alsacienne-scaled.jpg","datePublished":"2025-10-06T08:27:13+00:00","dateModified":"2025-10-19T06:31:19+00:00","description":"La cyclosportive GF 195 km est id\u00e9ale pour les grimpeurs aimant le d\u00e9nivel\u00e9 (4200 m!). On vous d\u00e9taille tout le parcours de cette \u00e9preuve chronom\u00e9tr\u00e9e.","breadcrumb":{"@id":"https:\/\/www.alsacienne-cyclo.org\/parcours-cyclosportive-randonnee-velo\/parcours-cyclosportive-195-km\/#breadcrumb"},"inLanguage":"en-GB","potentialAction":[{"@type":"ReadAction","target":["https:\/\/www.alsacienne-cyclo.org\/parcours-cyclosportive-randonnee-velo\/parcours-cyclosportive-195-km\/"]}]},{"@type":"ImageObject","inLanguage":"en-GB","@id":"https:\/\/www.alsacienne-cyclo.org\/parcours-cyclosportive-randonnee-velo\/parcours-cyclosportive-195-km\/#primaryimage","url":"https:\/\/www.alsacienne-cyclo.org\/wp-content\/uploads\/2024\/10\/route-cretes-vosges-cyclosportive-alsacienne-scaled.jpg","contentUrl":"https:\/\/www.alsacienne-cyclo.org\/wp-content\/uploads\/2024\/10\/route-cretes-vosges-cyclosportive-alsacienne-scaled.jpg","width":2560,"height":1706,"caption":"Des participants de la cyclosportive L'Alsacienne sur la Route des Cr\u00eates du Massif Vosgien"},{"@type":"BreadcrumbList","@id":"https:\/\/www.alsacienne-cyclo.org\/parcours-cyclosportive-randonnee-velo\/parcours-cyclosportive-195-km\/#breadcrumb","itemListElement":[{"@type":"ListItem","position":1,"name":"Accueil","item":"https:\/\/www.alsacienne-cyclo.org\/fr\/"},{"@type":"ListItem","position":2,"name":"Parcours","item":"https:\/\/www.alsacienne-cyclo.org\/parcours-cyclosportive-randonnee-velo\/"},{"@type":"ListItem","position":3,"name":"Cyclosportive GF 195 km"}]},{"@type":"WebSite","@id":"https:\/\/www.alsacienne-cyclo.org\/#website","url":"https:\/\/www.alsacienne-cyclo.org\/","name":"L&#039;Alsacienne Cyclo","description":"Exceptional courses for all ambitions","potentialAction":[{"@type":"SearchAction","target":{"@type":"EntryPoint","urlTemplate":"https:\/\/www.alsacienne-cyclo.org\/?s={search_term_string}"},"query-input":{"@type":"PropertyValueSpecification","valueRequired":true,"valueName":"search_term_string"}}],"inLanguage":"en-GB"}]}},"_links":{"self":[{"href":"https:\/\/www.alsacienne-cyclo.org\/en\/wp-json\/wp\/v2\/parcours\/7027","targetHints":{"allow":["GET"]}}],"collection":[{"href":"https:\/\/www.alsacienne-cyclo.org\/en\/wp-json\/wp\/v2\/parcours"}],"about":[{"href":"https:\/\/www.alsacienne-cyclo.org\/en\/wp-json\/wp\/v2\/types\/parcours"}],"wp:featuredmedia":[{"embeddable":true,"href":"https:\/\/www.alsacienne-cyclo.org\/en\/wp-json\/wp\/v2\/media\/5163"}],"wp:attachment":[{"href":"https:\/\/www.alsacienne-cyclo.org\/en\/wp-json\/wp\/v2\/media?parent=7027"}],"curies":[{"name":"wp","href":"https:\/\/api.w.org\/{rel}","templated":true}]}}

<!-- This site is optimized with the Yoast SEO plugin v27.5 - https://yoast.com/product/yoast-seo-wordpress/ -->
<title>Parcours Cyclosportive 195 km</title>
<meta name="description" content="La cyclosportive GF 195 km est idéale pour les grimpeurs aimant le dénivelé (4200 m!). On vous détaille tout le parcours de cette épreuve chronométrée." />
<meta name="robots" content="index, follow, max-snippet:-1, max-image-preview:large, max-video-preview:-1" />
<link rel="canonical" href="https://www.alsacienne-cyclo.org/en/course-cyclosportive-randonnee/parcours-cyclosportive-195-km/" />
<meta property="og:locale" content="en_GB" />
<meta property="og:type" content="article" />
<meta property="og:title" content="Parcours Cyclosportive 195 km" />
<meta property="og:description" content="La cyclosportive GF 195 km est idéale pour les grimpeurs aimant le dénivelé (4200 m!). On vous détaille tout le parcours de cette épreuve chronométrée." />
<meta property="og:url" content="https://www.alsacienne-cyclo.org/en/course-cyclosportive-randonnee/parcours-cyclosportive-195-km/" />
<meta property="og:site_name" content="L&#039;Alsacienne Cyclo" />
<meta property="article:modified_time" content="2025-10-19T06:31:19+00:00" />
<meta property="og:image" content="https://www.alsacienne-cyclo.org/wp-content/uploads/2024/10/route-cretes-vosges-cyclosportive-alsacienne-scaled.jpg" />
	<meta property="og:image:width" content="2560" />
	<meta property="og:image:height" content="1706" />
	<meta property="og:image:type" content="image/jpeg" />
<meta name="twitter:card" content="summary_large_image" />
<meta name="twitter:label1" content="Estimated reading time" />
	<meta name="twitter:data1" content="1 minute" />
<!-- / Yoast SEO plugin. -->

La cyclosportive GF 195 km est idéale pour les grimpeurs aimant le dénivelé (4200 m!). On vous détaille tout le parcours de cette épreuve chronométrée.

Des participants de la cyclosportive L'Alsacienne sur la Route des Crêtes du Massif Vosgien
