{"id":7835,"date":"2025-10-30T09:16:32","date_gmt":"2025-10-30T08:16:32","guid":{"rendered":"https:\/\/www.alsacienne-cyclo.org\/?page_id=7835"},"modified":"2025-10-30T09:20:48","modified_gmt":"2025-10-30T08:20:48","slug":"declaration-daccessibilite","status":"publish","type":"page","link":"https:\/\/www.alsacienne-cyclo.org\/en\/declaration-daccessibilite\/","title":{"rendered":"D\u00e9claration d&rsquo;accessibilit\u00e9"},"content":{"rendered":"<div data-elementor-type=\"wp-page\" data-elementor-id=\"7835\" class=\"elementor elementor-7835\" data-elementor-post-type=\"page\">\n\t\t\t\t<div class=\"elementor-element elementor-element-e7e7c5e e-con-full decallage_top w_100 e-flex e-con e-parent\" data-id=\"e7e7c5e\" data-element_type=\"container\" data-e-type=\"container\" data-settings=\"{&quot;background_background&quot;:&quot;classic&quot;,&quot;jet_parallax_layout_list&quot;:[]}\">\n\t\t\t\t<div class=\"elementor-element elementor-element-20ea93d elementor-widget elementor-widget-breadcrumbs\" data-id=\"20ea93d\" data-element_type=\"widget\" data-e-type=\"widget\" data-widget_type=\"breadcrumbs.default\">\n\t\t\t\t\t<p id=\"breadcrumbs\"><span><span><a href=\"https:\/\/www.alsacienne-cyclo.org\/en\/\">Home<\/a><\/span><\/span><\/p>\t\t\t\t<\/div>\n\t\t\t\t<\/div>\n\t\t<div class=\"elementor-element elementor-element-478d35b e-flex e-con-boxed e-con e-parent\" data-id=\"478d35b\" data-element_type=\"container\" data-e-type=\"container\" data-settings=\"{&quot;background_background&quot;:&quot;classic&quot;,&quot;jet_parallax_layout_list&quot;:[]}\">\n\t\t\t\t\t<div class=\"e-con-inner\">\n\t\t\t\t<div class=\"elementor-element elementor-element-76307f3 elementor-widget elementor-widget-text-editor\" data-id=\"76307f3\" data-element_type=\"widget\" data-e-type=\"widget\" data-widget_type=\"text-editor.default\">\n\t\t\t\t\t\t\t\t\t<h1>D\u00e9claration d\u2019accessibilit\u00e9<\/h1>\n<p><strong>L&rsquo;Alsacienne Cyclo<\/strong> s\u2019engage \u00e0 rendre ses sites internet, intranet, extranet et ses progiciels accessibles (et ses applications mobiles et mobilier urbain num\u00e9rique) conform\u00e9ment \u00e0 l\u2019article 47 de la loi n<sup>o<\/sup>&nbsp;2005-102 du 11&nbsp;f\u00e9vrier 2005.<\/p>\n<p>Cette d\u00e9claration d\u2019accessibilit\u00e9 s\u2019applique \u00e0 <strong>https:\/\/www.alsacienne-cyclo.org\/fr\/<\/strong>.<\/p>\n<h2>\u00c9tat de conformit\u00e9<\/h2>\n<p><strong>Alsacienne Cyclo <a href=\"https:\/\/www.alsacienne-cyclo.org\/en\/\" target=\"_blank\" rel=\"noopener\">https:\/\/www.alsacienne-cyclo.org\/fr\/<\/a><\/strong> est <strong>partiellement conforme<\/strong> avec le r\u00e9f\u00e9rentiel g\u00e9n\u00e9ral d\u2019am\u00e9lioration de l\u2019accessibilit\u00e9 (RGAA).<\/p>\n<h3>R\u00e9sultats des tests<\/h3>\n<p>L\u2019audit de conformit\u00e9 r\u00e9alis\u00e9 par <strong>Wedeaz<\/strong> r\u00e9v\u00e8le que <strong>72 %<\/strong> des crit\u00e8res du RGAA version 4.1.2 sont respect\u00e9s.<\/p>\n<h2>\u00c9tablissement de cette d\u00e9claration d\u2019accessibilit\u00e9<\/h2>\n<p>Cette d\u00e9claration a \u00e9t\u00e9 \u00e9tablie le <strong>30 octobre 2025<\/strong>. Elle a \u00e9t\u00e9 mise \u00e0 jour le <strong>30 octobre 2025<\/strong>.<\/p>\n<h3>Technologies utilis\u00e9es pour la r\u00e9alisation de l\u2019audit<\/h3>\n<ul>\n<li>html<\/li>\n<li>css<\/li>\n<li>javascript<\/li>\n<\/ul>\n<h3>Environnement de test<\/h3>\n<p>Les v\u00e9rifications de restitution de contenus ont \u00e9t\u00e9 r\u00e9alis\u00e9es sur la base de la combinaison fournie par la base de r\u00e9f\u00e9rence du RGAA, avec les versions suivantes&nbsp;:<\/p>\n<ul>\n<li>Sur Mobile Android avec Google Chrome et Talkback<\/li>\n<li>Sur Mobile iOS avec Safari et VoiceOver<\/li>\n<li>Sur Ordinateur MacOS avec Safari et VoiceOver<\/li>\n<li>Sur Ordinateur Windows avec Firefox et JAWS<\/li>\n<li>Sur Ordinateur Windows avec Microsoft Edge et JAWS<\/li>\n<li>Sur Ordinateur Windows avec Firefox et NVDA<\/li>\n<li>Sur Ordinateur Windows avec Microsoft Edge et NVDA<\/li>\n<\/ul>\n<h3>Outils pour \u00e9valuer l\u2019accessibilit\u00e9<\/h3>\n<ul>\n<li>Web Developer Toolbar<\/li>\n<li>Colour Contrast Analyser<\/li>\n<li>Assistant RGAA<\/li>\n<li>Inspecteur de composants<\/li>\n<li>Validateur HTML du W3C<\/li>\n<\/ul>\n<h3>Pages du site ayant fait l\u2019objet de la v\u00e9rification de conformit\u00e9<\/h3>\n<ul>\n<li>Home <strong>https:\/\/www.alsacienne-cyclo.org\/<\/strong><\/li>\n<li>Contact <strong>https:\/\/www.alsacienne-cyclo.org\/fr\/contact\/<\/strong><\/li>\n<li>Legals <strong>https:\/\/www.alsacienne-cyclo.org\/fr\/mentions-legales\/<\/strong><\/li>\n<li>Plan du site <strong>https:\/\/www.alsacienne-cyclo.org\/fr\/plan-du-site\/<\/strong><\/li>\n<li>Parcours 56km <strong>https:\/\/www.alsacienne-cyclo.org\/fr\/parcours-cyclosportive-randonnee-velo\/parcours-randonnee-56-km\/<\/strong><\/li>\n<\/ul>\n<h2>Retour d\u2019information et contact<\/h2>\n<p>Si vous n\u2019arrivez pas \u00e0 acc\u00e9der \u00e0 un contenu ou \u00e0 un service, vous pouvez contacter le responsable de Alsacienne Cyclo pour \u00eatre orient\u00e9 vers une alternative accessible ou obtenir le contenu sous une autre forme.<\/p>\n<ul>\n<li>Envoyer un message <strong>https:\/\/www.alsacienne-cyclo.org\/fr\/contact\/<\/strong><\/li>\n<\/ul>\n<h2>Voies de recours<\/h2>\n<p>Si vous constatez un d\u00e9faut d\u2019accessibilit\u00e9 vous emp\u00eachant d\u2019acc\u00e9der \u00e0 un contenu ou une fonctionnalit\u00e9 du site, que vous nous le signalez et que vous ne parvenez pas \u00e0 obtenir une r\u00e9ponse de notre part, vous \u00eates en droit de faire parvenir vos dol\u00e9ances ou une demande de saisine au D\u00e9fenseur des droits.<\/p>\n<p>Plusieurs moyens sont \u00e0 votre disposition&nbsp;:<\/p>\n<ul>\n<li><a href=\"https:\/\/formulaire.defenseurdesdroits.fr\/formulaire_saisine\" target=\"_blank\" rel=\"noopener\"> \u00c9crire un message au D\u00e9fenseur des droits nouvelle fen\u00eatre<\/a><\/li>\n<li><a href=\"https:\/\/www.defenseurdesdroits.fr\/carte-des-delegues\" target=\"_blank\" rel=\"noopener\"> Contacter le d\u00e9l\u00e9gu\u00e9 du D\u00e9fenseur des droits dans votre r\u00e9gion nouvelle fen\u00eatre<\/a><\/li>\n<li>Envoyer un courrier par la poste (gratuit, ne pas mettre de timbre) \u00e0&nbsp;:<br>D\u00e9fenseur des droits<br>Libre r\u00e9ponse 71120<br>75342 Paris CEDEX 07<\/li>\n<\/ul>\t\t\t\t\t\t\t\t<\/div>\n\t\t\t\t\t<\/div>\n\t\t\t\t<\/div>\n\t\t\t\t<\/div>","protected":false},"excerpt":{"rendered":"<p>D\u00e9claration d\u2019accessibilit\u00e9 L&rsquo;Alsacienne Cyclo s\u2019engage \u00e0 rendre ses sites internet, intranet, extranet et ses progiciels accessibles (et ses applications mobiles et mobilier urbain num\u00e9rique) conform\u00e9ment \u00e0 l\u2019article 47 de la loi no&nbsp;2005-102 du 11&nbsp;f\u00e9vrier 2005. Cette d\u00e9claration d\u2019accessibilit\u00e9 s\u2019applique \u00e0 https:\/\/www.alsacienne-cyclo.org\/fr\/. \u00c9tat de conformit\u00e9 Alsacienne Cyclo https:\/\/www.alsacienne-cyclo.org\/fr\/ est partiellement conforme avec le r\u00e9f\u00e9rentiel g\u00e9n\u00e9ral d\u2019am\u00e9lioration [&hellip;]<\/p>\n","protected":false},"author":3,"featured_media":0,"parent":0,"menu_order":0,"comment_status":"closed","ping_status":"closed","template":"","meta":{"footnotes":""},"class_list":["post-7835","page","type-page","status-publish","hentry"],"yoast_head":"<!-- This site is optimized with the Yoast SEO plugin v27.5 - https:\/\/yoast.com\/product\/yoast-seo-wordpress\/ -->\n<title>Mentions L\u00e9gales de L&#039;Alsacienne Cyclo<\/title>\n<meta name=\"description\" content=\"Toutes les informations concernant l&#039;h\u00e9bergement et les informations sur notre site web se trouvent dans nos mentions l\u00e9gales\" \/>\n<meta name=\"robots\" content=\"index, follow, max-snippet:-1, max-image-preview:large, max-video-preview:-1\" \/>\n<link rel=\"canonical\" href=\"https:\/\/www.alsacienne-cyclo.org\/en\/declaration-daccessibilite\/\" \/>\n<meta property=\"og:locale\" content=\"en_GB\" \/>\n<meta property=\"og:type\" content=\"article\" \/>\n<meta property=\"og:title\" content=\"Mentions L\u00e9gales de L&#039;Alsacienne Cyclo\" \/>\n<meta property=\"og:description\" content=\"Toutes les informations concernant l&#039;h\u00e9bergement et les informations sur notre site web se trouvent dans nos mentions l\u00e9gales\" \/>\n<meta property=\"og:url\" content=\"https:\/\/www.alsacienne-cyclo.org\/en\/declaration-daccessibilite\/\" \/>\n<meta property=\"og:site_name\" content=\"L&#039;Alsacienne Cyclo\" \/>\n<meta property=\"article:modified_time\" content=\"2025-10-30T08:20:48+00:00\" \/>\n<meta name=\"twitter:card\" content=\"summary_large_image\" \/>\n<meta name=\"twitter:label1\" content=\"Estimated reading time\" \/>\n\t<meta name=\"twitter:data1\" content=\"3 minutes\" \/>\n<!-- \/ Yoast SEO plugin. -->","yoast_head_json":{"title":"Mentions L\u00e9gales de L'Alsacienne Cyclo","description":"Toutes les informations concernant l'h\u00e9bergement et les informations sur notre site web se trouvent dans nos mentions l\u00e9gales","robots":{"index":"index","follow":"follow","max-snippet":"max-snippet:-1","max-image-preview":"max-image-preview:large","max-video-preview":"max-video-preview:-1"},"canonical":"https:\/\/www.alsacienne-cyclo.org\/en\/declaration-daccessibilite\/","og_locale":"en_GB","og_type":"article","og_title":"Mentions L\u00e9gales de L'Alsacienne Cyclo","og_description":"Toutes les informations concernant l'h\u00e9bergement et les informations sur notre site web se trouvent dans nos mentions l\u00e9gales","og_url":"https:\/\/www.alsacienne-cyclo.org\/en\/declaration-daccessibilite\/","og_site_name":"L&#039;Alsacienne Cyclo","article_modified_time":"2025-10-30T08:20:48+00:00","twitter_card":"summary_large_image","twitter_misc":{"Estimated reading time":"3 minutes"},"schema":{"@context":"https:\/\/schema.org","@graph":[{"@type":"WebPage","@id":"https:\/\/www.alsacienne-cyclo.org\/declaration-daccessibilite\/","url":"https:\/\/www.alsacienne-cyclo.org\/declaration-daccessibilite\/","name":"Mentions L\u00e9gales de L'Alsacienne Cyclo","isPartOf":{"@id":"https:\/\/www.alsacienne-cyclo.org\/#website"},"datePublished":"2025-10-30T08:16:32+00:00","dateModified":"2025-10-30T08:20:48+00:00","description":"Toutes les informations concernant l'h\u00e9bergement et les informations sur notre site web se trouvent dans nos mentions l\u00e9gales","breadcrumb":{"@id":"https:\/\/www.alsacienne-cyclo.org\/declaration-daccessibilite\/#breadcrumb"},"inLanguage":"en-GB","potentialAction":[{"@type":"ReadAction","target":["https:\/\/www.alsacienne-cyclo.org\/declaration-daccessibilite\/"]}]},{"@type":"BreadcrumbList","@id":"https:\/\/www.alsacienne-cyclo.org\/declaration-daccessibilite\/#breadcrumb","itemListElement":[{"@type":"ListItem","position":1,"name":"Accueil","item":"https:\/\/www.alsacienne-cyclo.org\/fr\/"},{"@type":"ListItem","position":2,"name":"D\u00e9claration d&#8217;accessibilit\u00e9"}]},{"@type":"WebSite","@id":"https:\/\/www.alsacienne-cyclo.org\/#website","url":"https:\/\/www.alsacienne-cyclo.org\/","name":"L&#039;Alsacienne Cyclo","description":"Exceptional courses for all ambitions","potentialAction":[{"@type":"SearchAction","target":{"@type":"EntryPoint","urlTemplate":"https:\/\/www.alsacienne-cyclo.org\/?s={search_term_string}"},"query-input":{"@type":"PropertyValueSpecification","valueRequired":true,"valueName":"search_term_string"}}],"inLanguage":"en-GB"}]}},"_links":{"self":[{"href":"https:\/\/www.alsacienne-cyclo.org\/en\/wp-json\/wp\/v2\/pages\/7835","targetHints":{"allow":["GET"]}}],"collection":[{"href":"https:\/\/www.alsacienne-cyclo.org\/en\/wp-json\/wp\/v2\/pages"}],"about":[{"href":"https:\/\/www.alsacienne-cyclo.org\/en\/wp-json\/wp\/v2\/types\/page"}],"author":[{"embeddable":true,"href":"https:\/\/www.alsacienne-cyclo.org\/en\/wp-json\/wp\/v2\/users\/3"}],"replies":[{"embeddable":true,"href":"https:\/\/www.alsacienne-cyclo.org\/en\/wp-json\/wp\/v2\/comments?post=7835"}],"version-history":[{"count":10,"href":"https:\/\/www.alsacienne-cyclo.org\/en\/wp-json\/wp\/v2\/pages\/7835\/revisions"}],"predecessor-version":[{"id":7846,"href":"https:\/\/www.alsacienne-cyclo.org\/en\/wp-json\/wp\/v2\/pages\/7835\/revisions\/7846"}],"wp:attachment":[{"href":"https:\/\/www.alsacienne-cyclo.org\/en\/wp-json\/wp\/v2\/media?parent=7835"}],"curies":[{"name":"wp","href":"https:\/\/api.w.org\/{rel}","templated":true}]}}

Déclaration d&rsquo;accessibilité

<div data-elementor-type="wp-page" data-elementor-id="7835" class="elementor elementor-7835" data-elementor-post-type="page">
				<div class="elementor-element elementor-element-e7e7c5e e-con-full decallage_top w_100 e-flex e-con e-parent" data-id="e7e7c5e" data-element_type="container" data-e-type="container" data-settings="{&quot;background_background&quot;:&quot;classic&quot;,&quot;jet_parallax_layout_list&quot;:[]}">
				<div class="elementor-element elementor-element-20ea93d elementor-widget elementor-widget-breadcrumbs" data-id="20ea93d" data-element_type="widget" data-e-type="widget" data-widget_type="breadcrumbs.default">
					<p id="breadcrumbs"><span><span><a href="https://www.alsacienne-cyclo.org/en/">Home</a></span></span></p>				</div>
				</div>
		<div class="elementor-element elementor-element-478d35b e-flex e-con-boxed e-con e-parent" data-id="478d35b" data-element_type="container" data-e-type="container" data-settings="{&quot;background_background&quot;:&quot;classic&quot;,&quot;jet_parallax_layout_list&quot;:[]}">
					<div class="e-con-inner">
				<div class="elementor-element elementor-element-76307f3 elementor-widget elementor-widget-text-editor" data-id="76307f3" data-element_type="widget" data-e-type="widget" data-widget_type="text-editor.default">
									<h1>Déclaration d’accessibilité</h1>
<p><strong>L&rsquo;Alsacienne Cyclo</strong> s’engage à rendre ses sites internet, intranet, extranet et ses progiciels accessibles (et ses applications mobiles et mobilier urbain numérique) conformément à l’article 47 de la loi n<sup>o</sup>&nbsp;2005-102 du 11&nbsp;février 2005.</p>
<p>Cette déclaration d’accessibilité s’applique à <strong>https://www.alsacienne-cyclo.org/fr/</strong>.</p>
<h2>État de conformité</h2>
<p><strong>Alsacienne Cyclo <a href="https://www.alsacienne-cyclo.org/en/" target="_blank" rel="noopener">https://www.alsacienne-cyclo.org/fr/</a></strong> est <strong>partiellement conforme</strong> avec le référentiel général d’amélioration de l’accessibilité (RGAA).</p>
<h3>Résultats des tests</h3>
<p>L’audit de conformité réalisé par <strong>Wedeaz</strong> révèle que <strong>72 %</strong> des critères du RGAA version 4.1.2 sont respectés.</p>
<h2>Établissement de cette déclaration d’accessibilité</h2>
<p>Cette déclaration a été établie le <strong>30 octobre 2025</strong>. Elle a été mise à jour le <strong>30 octobre 2025</strong>.</p>
<h3>Technologies utilisées pour la réalisation de l’audit</h3>
<ul>
<li>html</li>
<li>css</li>
<li>javascript</li>
</ul>
<h3>Environnement de test</h3>
<p>Les vérifications de restitution de contenus ont été réalisées sur la base de la combinaison fournie par la base de référence du RGAA, avec les versions suivantes&nbsp;:</p>
<ul>
<li>Sur Mobile Android avec Google Chrome et Talkback</li>
<li>Sur Mobile iOS avec Safari et VoiceOver</li>
<li>Sur Ordinateur MacOS avec Safari et VoiceOver</li>
<li>Sur Ordinateur Windows avec Firefox et JAWS</li>
<li>Sur Ordinateur Windows avec Microsoft Edge et JAWS</li>
<li>Sur Ordinateur Windows avec Firefox et NVDA</li>
<li>Sur Ordinateur Windows avec Microsoft Edge et NVDA</li>
</ul>
<h3>Outils pour évaluer l’accessibilité</h3>
<ul>
<li>Web Developer Toolbar</li>
<li>Colour Contrast Analyser</li>
<li>Assistant RGAA</li>
<li>Inspecteur de composants</li>
<li>Validateur HTML du W3C</li>
</ul>
<h3>Pages du site ayant fait l’objet de la vérification de conformité</h3>
<ul>
<li>Home <strong>https://www.alsacienne-cyclo.org/</strong></li>
<li>Contact <strong>https://www.alsacienne-cyclo.org/fr/contact/</strong></li>
<li>Legals <strong>https://www.alsacienne-cyclo.org/fr/mentions-legales/</strong></li>
<li>Plan du site <strong>https://www.alsacienne-cyclo.org/fr/plan-du-site/</strong></li>
<li>Parcours 56km <strong>https://www.alsacienne-cyclo.org/fr/parcours-cyclosportive-randonnee-velo/parcours-randonnee-56-km/</strong></li>
</ul>
<h2>Retour d’information et contact</h2>
<p>Si vous n’arrivez pas à accéder à un contenu ou à un service, vous pouvez contacter le responsable de Alsacienne Cyclo pour être orienté vers une alternative accessible ou obtenir le contenu sous une autre forme.</p>
<ul>
<li>Envoyer un message <strong>https://www.alsacienne-cyclo.org/fr/contact/</strong></li>
</ul>
<h2>Voies de recours</h2>
<p>Si vous constatez un défaut d’accessibilité vous empêchant d’accéder à un contenu ou une fonctionnalité du site, que vous nous le signalez et que vous ne parvenez pas à obtenir une réponse de notre part, vous êtes en droit de faire parvenir vos doléances ou une demande de saisine au Défenseur des droits.</p>
<p>Plusieurs moyens sont à votre disposition&nbsp;:</p>
<ul>
<li><a href="https://formulaire.defenseurdesdroits.fr/formulaire_saisine" target="_blank" rel="noopener"> Écrire un message au Défenseur des droits nouvelle fenêtre</a></li>
<li><a href="https://www.defenseurdesdroits.fr/carte-des-delegues" target="_blank" rel="noopener"> Contacter le délégué du Défenseur des droits dans votre région nouvelle fenêtre</a></li>
<li>Envoyer un courrier par la poste (gratuit, ne pas mettre de timbre) à&nbsp;:<br>Défenseur des droits<br>Libre réponse 71120<br>75342 Paris CEDEX 07</li>
</ul>								</div>
					</div>
				</div>
				</div>

<p>Déclaration d’accessibilité L&rsquo;Alsacienne Cyclo s’engage à rendre ses sites internet, intranet, extranet et ses progiciels accessibles (et ses applications mobiles et mobilier urbain numérique) conformément à l’article 47 de la loi no&nbsp;2005-102 du 11&nbsp;février 2005. Cette déclaration d’accessibilité s’applique à https://www.alsacienne-cyclo.org/fr/. État de conformité Alsacienne Cyclo https://www.alsacienne-cyclo.org/fr/ est partiellement conforme avec le référentiel général d’amélioration [&hellip;]</p>

<!-- This site is optimized with the Yoast SEO plugin v27.5 - https://yoast.com/product/yoast-seo-wordpress/ -->
<title>Mentions Légales de L&#039;Alsacienne Cyclo</title>
<meta name="description" content="Toutes les informations concernant l&#039;hébergement et les informations sur notre site web se trouvent dans nos mentions légales" />
<meta name="robots" content="index, follow, max-snippet:-1, max-image-preview:large, max-video-preview:-1" />
<link rel="canonical" href="https://www.alsacienne-cyclo.org/en/declaration-daccessibilite/" />
<meta property="og:locale" content="en_GB" />
<meta property="og:type" content="article" />
<meta property="og:title" content="Mentions Légales de L&#039;Alsacienne Cyclo" />
<meta property="og:description" content="Toutes les informations concernant l&#039;hébergement et les informations sur notre site web se trouvent dans nos mentions légales" />
<meta property="og:url" content="https://www.alsacienne-cyclo.org/en/declaration-daccessibilite/" />
<meta property="og:site_name" content="L&#039;Alsacienne Cyclo" />
<meta property="article:modified_time" content="2025-10-30T08:20:48+00:00" />
<meta name="twitter:card" content="summary_large_image" />
<meta name="twitter:label1" content="Estimated reading time" />
	<meta name="twitter:data1" content="3 minutes" />
<!-- / Yoast SEO plugin. -->

Mentions Légales de L'Alsacienne Cyclo

Toutes les informations concernant l'hébergement et les informations sur notre site web se trouvent dans nos mentions légales

Déclaration d&#8217;accessibilité
