{"id":7021,"date":"2025-10-06T09:48:35","date_gmt":"2025-10-06T07:48:35","guid":{"rendered":"https:\/\/www.alsacienne-cyclo.org\/?post_type=parcours&#038;p=7021"},"modified":"2025-11-18T11:48:18","modified_gmt":"2025-11-18T10:48:18","slug":"parcours-randonnee-56-km","status":"publish","type":"parcours","link":"https:\/\/www.alsacienne-cyclo.org\/de\/parcours-cyclosportive-randonnee-velo\/parcours-randonnee-56-km\/","title":{"rendered":"56 KM WANDERUNG"},"excerpt":{"rendered":"<p>Auch wenn es nicht Ihr Ding ist, gegen die Stoppuhr anzutreten, ist es dennoch eine gro\u00dfe Herausforderung, von der Vall\u00e9e de la Thur aus die Bergk\u00e4mme der Vogesen zu erreichen. Sie sollten jedoch wissen, dass eine motorisierte Hilfe m\u00f6glich ist. Wenn Sie das Bed\u00fcrfnis danach versp\u00fcren, z\u00f6gern Sie nicht und befahren Sie die Radwanderung mit dem Elektrofahrrad.<\/p>","protected":false},"featured_media":5159,"template":"","class_list":["post-7021","parcours","type-parcours","status-publish","has-post-thumbnail","hentry"],"yoast_head":"<!-- This site is optimized with the Yoast SEO plugin v27.5 - https:\/\/yoast.com\/product\/yoast-seo-wordpress\/ -->\n<title>Parcours randonn\u00e9e 56 km<\/title>\n<meta name=\"description\" content=\"Amateurs de beaux paysages, vous ne serez pas d\u00e9\u00e7us par ce parcours de rando 56 km propos\u00e9 par L&#039;Alsacienne !\" \/>\n<meta name=\"robots\" content=\"index, follow, max-snippet:-1, max-image-preview:large, max-video-preview:-1\" \/>\n<link rel=\"canonical\" href=\"https:\/\/www.alsacienne-cyclo.org\/de\/strecken-radmarathon-radwanderungen\/parcours-randonnee-56-km\/\" \/>\n<meta property=\"og:locale\" content=\"de_DE\" \/>\n<meta property=\"og:type\" content=\"article\" \/>\n<meta property=\"og:title\" content=\"Parcours randonn\u00e9e 56 km\" \/>\n<meta property=\"og:description\" content=\"Amateurs de beaux paysages, vous ne serez pas d\u00e9\u00e7us par ce parcours de rando 56 km propos\u00e9 par L&#039;Alsacienne !\" \/>\n<meta property=\"og:url\" content=\"https:\/\/www.alsacienne-cyclo.org\/de\/strecken-radmarathon-radwanderungen\/parcours-randonnee-56-km\/\" \/>\n<meta property=\"og:site_name\" content=\"L&#039;Alsacienne Cyclo\" \/>\n<meta property=\"article:modified_time\" content=\"2025-11-18T10:48:18+00:00\" \/>\n<meta property=\"og:image\" content=\"https:\/\/www.alsacienne-cyclo.org\/wp-content\/uploads\/2024\/10\/alsacienne-cyclo-depart-kruth.jpg\" \/>\n\t<meta property=\"og:image:width\" content=\"1200\" \/>\n\t<meta property=\"og:image:height\" content=\"509\" \/>\n\t<meta property=\"og:image:type\" content=\"image\/jpeg\" \/>\n<meta name=\"twitter:card\" content=\"summary_large_image\" \/>\n<meta name=\"twitter:label1\" content=\"Gesch\u00e4tzte Lesezeit\" \/>\n\t<meta name=\"twitter:data1\" content=\"1\u00a0Minute\" \/>\n<!-- \/ Yoast SEO plugin. -->","yoast_head_json":{"title":"Strecke Radwanderung 56 Km","description":"Als Liebhaber sch\u00f6ner Landschaften werden Sie von dieser 56 Km langen Wanderstrecke, die von der L'Alsacienne angeboten wird, nicht entt\u00e4uscht sein!","robots":{"index":"index","follow":"follow","max-snippet":"max-snippet:-1","max-image-preview":"max-image-preview:large","max-video-preview":"max-video-preview:-1"},"canonical":"https:\/\/www.alsacienne-cyclo.org\/de\/strecken-radmarathon-radwanderungen\/parcours-randonnee-56-km\/","og_locale":"de_DE","og_type":"article","og_title":"Parcours randonn\u00e9e 56 km","og_description":"Amateurs de beaux paysages, vous ne serez pas d\u00e9\u00e7us par ce parcours de rando 56 km propos\u00e9 par L'Alsacienne !","og_url":"https:\/\/www.alsacienne-cyclo.org\/de\/strecken-radmarathon-radwanderungen\/parcours-randonnee-56-km\/","og_site_name":"L&#039;Alsacienne Cyclo","article_modified_time":"2025-11-18T10:48:18+00:00","og_image":[{"width":1200,"height":509,"url":"https:\/\/www.alsacienne-cyclo.org\/wp-content\/uploads\/2024\/10\/alsacienne-cyclo-depart-kruth.jpg","type":"image\/jpeg"}],"twitter_card":"summary_large_image","twitter_misc":{"Gesch\u00e4tzte Lesezeit":"1\u00a0Minute"},"schema":{"@context":"https:\/\/schema.org","@graph":[{"@type":"WebPage","@id":"https:\/\/www.alsacienne-cyclo.org\/parcours-cyclosportive-randonnee-velo\/parcours-randonnee-56-km\/","url":"https:\/\/www.alsacienne-cyclo.org\/parcours-cyclosportive-randonnee-velo\/parcours-randonnee-56-km\/","name":"Strecke Radwanderung 56 Km","isPartOf":{"@id":"https:\/\/www.alsacienne-cyclo.org\/#website"},"primaryImageOfPage":{"@id":"https:\/\/www.alsacienne-cyclo.org\/parcours-cyclosportive-randonnee-velo\/parcours-randonnee-56-km\/#primaryimage"},"image":{"@id":"https:\/\/www.alsacienne-cyclo.org\/parcours-cyclosportive-randonnee-velo\/parcours-randonnee-56-km\/#primaryimage"},"thumbnailUrl":"https:\/\/www.alsacienne-cyclo.org\/wp-content\/uploads\/2024\/10\/alsacienne-cyclo-depart-kruth.jpg","datePublished":"2025-10-06T07:48:35+00:00","dateModified":"2025-11-18T10:48:18+00:00","description":"Als Liebhaber sch\u00f6ner Landschaften werden Sie von dieser 56 Km langen Wanderstrecke, die von der L'Alsacienne angeboten wird, nicht entt\u00e4uscht sein!","breadcrumb":{"@id":"https:\/\/www.alsacienne-cyclo.org\/parcours-cyclosportive-randonnee-velo\/parcours-randonnee-56-km\/#breadcrumb"},"inLanguage":"de","potentialAction":[{"@type":"ReadAction","target":["https:\/\/www.alsacienne-cyclo.org\/parcours-cyclosportive-randonnee-velo\/parcours-randonnee-56-km\/"]}]},{"@type":"ImageObject","inLanguage":"de","@id":"https:\/\/www.alsacienne-cyclo.org\/parcours-cyclosportive-randonnee-velo\/parcours-randonnee-56-km\/#primaryimage","url":"https:\/\/www.alsacienne-cyclo.org\/wp-content\/uploads\/2024\/10\/alsacienne-cyclo-depart-kruth.jpg","contentUrl":"https:\/\/www.alsacienne-cyclo.org\/wp-content\/uploads\/2024\/10\/alsacienne-cyclo-depart-kruth.jpg","width":1200,"height":509,"caption":"Le fond de la vall\u00e9e de Saint-Amarin s'offre depuis le d\u00e9but de la mont\u00e9e du col d'Oderen"},{"@type":"BreadcrumbList","@id":"https:\/\/www.alsacienne-cyclo.org\/parcours-cyclosportive-randonnee-velo\/parcours-randonnee-56-km\/#breadcrumb","itemListElement":[{"@type":"ListItem","position":1,"name":"Accueil","item":"https:\/\/www.alsacienne-cyclo.org\/fr\/"},{"@type":"ListItem","position":2,"name":"Parcours","item":"https:\/\/www.alsacienne-cyclo.org\/parcours-cyclosportive-randonnee-velo\/"},{"@type":"ListItem","position":3,"name":"Randonn\u00e9e 56 KM"}]},{"@type":"WebSite","@id":"https:\/\/www.alsacienne-cyclo.org\/#website","url":"https:\/\/www.alsacienne-cyclo.org\/","name":"L&#039;Alsacienne Cyclo","description":"Au\u00dfergew\u00f6hnliche Strecken f\u00fcr alle Ambitionen","potentialAction":[{"@type":"SearchAction","target":{"@type":"EntryPoint","urlTemplate":"https:\/\/www.alsacienne-cyclo.org\/?s={search_term_string}"},"query-input":{"@type":"PropertyValueSpecification","valueRequired":true,"valueName":"search_term_string"}}],"inLanguage":"de"}]}},"_links":{"self":[{"href":"https:\/\/www.alsacienne-cyclo.org\/de\/wp-json\/wp\/v2\/parcours\/7021","targetHints":{"allow":["GET"]}}],"collection":[{"href":"https:\/\/www.alsacienne-cyclo.org\/de\/wp-json\/wp\/v2\/parcours"}],"about":[{"href":"https:\/\/www.alsacienne-cyclo.org\/de\/wp-json\/wp\/v2\/types\/parcours"}],"wp:featuredmedia":[{"embeddable":true,"href":"https:\/\/www.alsacienne-cyclo.org\/de\/wp-json\/wp\/v2\/media\/5159"}],"wp:attachment":[{"href":"https:\/\/www.alsacienne-cyclo.org\/de\/wp-json\/wp\/v2\/media?parent=7021"}],"curies":[{"name":"wp","href":"https:\/\/api.w.org\/{rel}","templated":true}]}}

<p>Auch wenn es nicht Ihr Ding ist, gegen die Stoppuhr anzutreten, ist es dennoch eine große Herausforderung, von der Vallée de la Thur aus die Bergkämme der Vogesen zu erreichen. Sie sollten jedoch wissen, dass eine motorisierte Hilfe möglich ist. Wenn Sie das Bedürfnis danach verspüren, zögern Sie nicht und befahren Sie die Radwanderung mit dem Elektrofahrrad.</p>

<!-- This site is optimized with the Yoast SEO plugin v27.5 - https://yoast.com/product/yoast-seo-wordpress/ -->
<title>Parcours randonnée 56 km</title>
<meta name="description" content="Amateurs de beaux paysages, vous ne serez pas déçus par ce parcours de rando 56 km proposé par L&#039;Alsacienne !" />
<meta name="robots" content="index, follow, max-snippet:-1, max-image-preview:large, max-video-preview:-1" />
<link rel="canonical" href="https://www.alsacienne-cyclo.org/de/strecken-radmarathon-radwanderungen/parcours-randonnee-56-km/" />
<meta property="og:locale" content="de_DE" />
<meta property="og:type" content="article" />
<meta property="og:title" content="Parcours randonnée 56 km" />
<meta property="og:description" content="Amateurs de beaux paysages, vous ne serez pas déçus par ce parcours de rando 56 km proposé par L&#039;Alsacienne !" />
<meta property="og:url" content="https://www.alsacienne-cyclo.org/de/strecken-radmarathon-radwanderungen/parcours-randonnee-56-km/" />
<meta property="og:site_name" content="L&#039;Alsacienne Cyclo" />
<meta property="article:modified_time" content="2025-11-18T10:48:18+00:00" />
<meta property="og:image" content="https://www.alsacienne-cyclo.org/wp-content/uploads/2024/10/alsacienne-cyclo-depart-kruth.jpg" />
	<meta property="og:image:width" content="1200" />
	<meta property="og:image:height" content="509" />
	<meta property="og:image:type" content="image/jpeg" />
<meta name="twitter:card" content="summary_large_image" />
<meta name="twitter:label1" content="Geschätzte Lesezeit" />
	<meta name="twitter:data1" content="1 Minute" />
<!-- / Yoast SEO plugin. -->

Als Liebhaber schöner Landschaften werden Sie von dieser 56 Km langen Wanderstrecke, die von der L'Alsacienne angeboten wird, nicht enttäuscht sein!

Parcours randonnée 56 km

Amateurs de beaux paysages, vous ne serez pas déçus par ce parcours de rando 56 km proposé par L'Alsacienne !

Le fond de la vallée de Saint-Amarin s'offre depuis le début de la montée du col d'Oderen

Randonnée 56 KM

Außergewöhnliche Strecken für alle Ambitionen
