{"id":4211,"date":"2024-11-12T09:48:23","date_gmt":"2024-11-12T08:48:23","guid":{"rendered":"https:\/\/www.alsacienne-cyclo.org\/?post_type=faq&#038;p=4211"},"modified":"2024-11-25T12:56:35","modified_gmt":"2024-11-25T11:56:35","slug":"le-retrait-du-dossard","status":"publish","type":"faq","link":"https:\/\/www.alsacienne-cyclo.org\/de\/infos-pratiques\/le-retrait-du-dossard\/","title":{"rendered":"DIE STARTNUMMERAUSGABE"},"parent":0,"template":"","class_list":["post-4211","faq","type-faq","status-publish","hentry"],"yoast_head":"<!-- This site is optimized with the Yoast SEO plugin v27.5 - https:\/\/yoast.com\/product\/yoast-seo-wordpress\/ -->\n<title>Le retrait du dossard - L&#039;Alsacienne Cyclo<\/title>\n<meta name=\"robots\" content=\"index, follow, max-snippet:-1, max-image-preview:large, max-video-preview:-1\" \/>\n<link rel=\"canonical\" href=\"https:\/\/www.alsacienne-cyclo.org\/de\/praktische-informationen\/le-retrait-du-dossard\/\" \/>\n<meta property=\"og:locale\" content=\"de_DE\" \/>\n<meta property=\"og:type\" content=\"article\" \/>\n<meta property=\"og:title\" content=\"Le retrait du dossard - L&#039;Alsacienne Cyclo\" \/>\n<meta property=\"og:url\" content=\"https:\/\/www.alsacienne-cyclo.org\/de\/praktische-informationen\/le-retrait-du-dossard\/\" \/>\n<meta property=\"og:site_name\" content=\"L&#039;Alsacienne Cyclo\" \/>\n<meta property=\"article:modified_time\" content=\"2024-11-25T11:56:35+00:00\" \/>\n<meta name=\"twitter:card\" content=\"summary_large_image\" \/>\n<!-- \/ Yoast SEO plugin. -->","yoast_head_json":{"title":"Le retrait du dossard - L&#039;Alsacienne Cyclo","robots":{"index":"index","follow":"follow","max-snippet":"max-snippet:-1","max-image-preview":"max-image-preview:large","max-video-preview":"max-video-preview:-1"},"canonical":"https:\/\/www.alsacienne-cyclo.org\/de\/praktische-informationen\/le-retrait-du-dossard\/","og_locale":"de_DE","og_type":"article","og_title":"Le retrait du dossard - L&#039;Alsacienne Cyclo","og_url":"https:\/\/www.alsacienne-cyclo.org\/de\/praktische-informationen\/le-retrait-du-dossard\/","og_site_name":"L&#039;Alsacienne Cyclo","article_modified_time":"2024-11-25T11:56:35+00:00","twitter_card":"summary_large_image","schema":{"@context":"https:\/\/schema.org","@graph":[{"@type":["WebPage","FAQPage"],"@id":"https:\/\/www.alsacienne-cyclo.org\/infos-pratiques\/le-retrait-du-dossard\/","url":"https:\/\/www.alsacienne-cyclo.org\/infos-pratiques\/le-retrait-du-dossard\/","name":"Le retrait du dossard - L&#039;Alsacienne Cyclo","isPartOf":{"@id":"https:\/\/www.alsacienne-cyclo.org\/#website"},"datePublished":"2024-11-12T08:48:23+00:00","dateModified":"2024-11-25T11:56:35+00:00","breadcrumb":{"@id":"https:\/\/www.alsacienne-cyclo.org\/infos-pratiques\/le-retrait-du-dossard\/#breadcrumb"},"inLanguage":"de","potentialAction":[{"@type":"ReadAction","target":["https:\/\/www.alsacienne-cyclo.org\/infos-pratiques\/le-retrait-du-dossard\/"]}]},{"@type":"BreadcrumbList","@id":"https:\/\/www.alsacienne-cyclo.org\/infos-pratiques\/le-retrait-du-dossard\/#breadcrumb","itemListElement":[{"@type":"ListItem","position":1,"name":"Accueil","item":"https:\/\/www.alsacienne-cyclo.org\/fr\/"},{"@type":"ListItem","position":2,"name":"FAQ","item":"https:\/\/www.alsacienne-cyclo.org\/infos-pratiques\/"},{"@type":"ListItem","position":3,"name":"Le retrait du dossard"}]},{"@type":"WebSite","@id":"https:\/\/www.alsacienne-cyclo.org\/#website","url":"https:\/\/www.alsacienne-cyclo.org\/","name":"L&#039;Alsacienne Cyclo","description":"Au\u00dfergew\u00f6hnliche Strecken f\u00fcr alle Ambitionen","potentialAction":[{"@type":"SearchAction","target":{"@type":"EntryPoint","urlTemplate":"https:\/\/www.alsacienne-cyclo.org\/?s={search_term_string}"},"query-input":{"@type":"PropertyValueSpecification","valueRequired":true,"valueName":"search_term_string"}}],"inLanguage":"de"}]}},"_links":{"self":[{"href":"https:\/\/www.alsacienne-cyclo.org\/de\/wp-json\/wp\/v2\/faq\/4211","targetHints":{"allow":["GET"]}}],"collection":[{"href":"https:\/\/www.alsacienne-cyclo.org\/de\/wp-json\/wp\/v2\/faq"}],"about":[{"href":"https:\/\/www.alsacienne-cyclo.org\/de\/wp-json\/wp\/v2\/types\/faq"}],"wp:attachment":[{"href":"https:\/\/www.alsacienne-cyclo.org\/de\/wp-json\/wp\/v2\/media?parent=4211"}],"curies":[{"name":"wp","href":"https:\/\/api.w.org\/{rel}","templated":true}]}}

Außergewöhnliche Strecken für alle Ambitionen
